d by 3300.
3120
What is the remainder when 3766139 is divided by 5804?
5147
Calculate the remainder when 19079523 is divided by 86.
79
Calculate the remainder when 89430 is divided by 176.
22
Calculate the remainder when 60685551 is divided by 915.
6
Calculate the remainder when 99589 is divided by 22207.
10761
What is the remainder when 499973 is divided by 114?
83
What is the remainder when 700879 is divided by 295?
254
Calculate the remainder when 219545 is divided by 558.
251
What is the remainder when 1906063 is divided by 1905282?
781
What is the remainder when 6982672 is divided by 3491332?
8
What is the remainder when 4564029 is divided by 88?
85
What is the remainder when 2374792 is divided by 148421?
56
Calculate the remainder when 120542068 is divided by 51.
49
What is the remainder when 14180035 is divided by 171?
31
Calculate the remainder when 231265543 is divided by 466.
461
Calculate the remainder when 645751 is divided by 1413.
10
What is the remainder when 43159 is divided by 2696?
23
Calculate the remainder when 3691553 is divided by 13.
8
Calculate the remainder when 3445143 is divided by 4166.
4027
What is the remainder when 19493815 is divided by 41?
37
What is the remainder when 1468709 is divided by 7808?
805
Calculate the remainder when 1336812 is divided by 30382.
4
What is the remainder when 97316 is divided by 24321?
32
What is the remainder when 1161990 is divided by 1490?
1280
Calculate the remainder when 285208 is divided by 447.
22
Calculate the remainder when 14644 is divided by 7087.
470
What is the remainder when 61553 is divided by 3863?
3608
Calculate the remainder when 19275 is divided by 742.
725
Calculate the remainder when 6702778 is divided by 124.
82
Calculate the remainder when 39397256 is divided by 7879450.
6
Calculate the remainder when 227519 is divided by 113.
50
What is the remainder when 87463 is divided by 377?
376
What is the remainder when 12125 is divided by 12120?
5
What is the remainder when 536805 is divided by 2386?
2341
What is the remainder when 20801592 is divided by 2600199?
0
Calculate the remainder when 936627317 is divided by 1422.
1421
What is the remainder when 181264 is divided by 89711?
1842
Calculate the remainder when 4954477 is divided by 619296.
109
Calculate the remainder when 953790 is divided by 9.
6
Calculate the remainder when 230927 is divided by 32898.
641
What is the remainder when 15370416 is divided by 14?
12
Calculate the remainder when 323008 is divided by 124.
112
Calculate the remainder when 1060231 is divided by 592.
551
Calculate the remainder when 2623626 is divided by 187400.
26
What is the remainder when 2105622 is divided by 470?
22
Calculate the remainder when 404847149 is divided by 23.
22
Calculate the remainder when 384743 is divided by 165.
128
What is the remainder when 643477 is divided by 1172?
49
What is the remainder when 5088791 is divided by 75952?
7
Calculate the remainder when 1055418 is divided by 141.
33
Calculate the remainder when 1015521 is divided by 502502.
10517
Calculate the remainder when 219284 is divided by 12182.
8
Calculate the remainder when 1698346 is divided by 1698153.
193
Calculate the remainder when 18648054 is divided by 362.
348
Calculate the remainder when 185117 is divided by 435.
242
What is the remainder when 324172 is divided by 1926?
604
What is the remainder when 6603823 is divided by 95?
88
What is the remainder when 14684678 is divided by 3671133?
146
What is the remainder when 31464758 is divided by 75?
8
Calculate the remainder when 2228390 is divided by 808.
734
What is the remainder when 2886730 is divided by 6142?
6132
Calculate the remainder when 158466377 is divided by 19808293.
33
What is the remainder when 120733505 is divided by 15091687?
9
Calculate the remainder when 3963042 is divided by 208577.
79
Calculate the remainder when 98017774 is divided by 20463.
4
Calculate the remainder when 341661 is divided by 132.
45
Calculate the remainder when 574170 is divided by 189799.
4773
Calculate the remainder when 58218894 is divided by 229.
224
What is the remainder when 3865907 is divided by 10420?
87
What is the remainder when 43889030 is divided by 163?
139
Calculate the remainder when 365396 is divided by 153.
32
What is the remainder when 71428432 is divided by 154?
152
Calculate the remainder when 650655205 is divided by 17.
10
Calculate the remainder when 3134829 is divided by 4786.
4785
What is the remainder when 113554714 is divided by 12?
10
What is the remainder when 4989794 is divided by 28?
26
Calculate the remainder when 571160 is divided by 3912.
8
Calculate the remainder when 1500301 is divided by 750143.
15
Calculate the remainder when 567426 is divided by 567424.
2
Calculate the remainder when 8335491 is divided by 192.
3
Calculate the remainder when 20352406 is divided by 410.
6
Calculate the remainder when 3147299 is divided by 3275.
24
What is the remainder when 627780 is divided by 123?
111
Calculate the remainder when 1730106 is divided by 215.
1
What is the remainder when 132139 is divided by 131956?
183
Calculate the remainder when 50681250 is divided by 31875.
0
Calculate the remainder when 1283453 is divided by 6660.
4733
What is the remainder when 2634726 is divided by 3365?
3296
What is the remainder when 2783261 is divided by 11?
8
Calculate the remainder when 818294 is divided by 54462.
1364
What is the remainder when 772773 is divided by 772734?
39
Calculate the remainder when 384178 is divided by 4359.
586
Calculate the remainder when 24855411 is divided by 2741.
23
Calculate the remainder when 645151 is divided by 346.
207
What is the remainder when 108872869 is divided by 11?
6
What is the remainder when 207655293 is divided by 69218430?
3
What is the remainder when 51847338 is divided by 11491?
11437
Calculate the remainder when 398761 is divided by 99655.
141
What is the remainder when 10099454 is divided by 1660?
14
What is the remainder when 670218 is divided by 3911?
1437
Calculate the remainder when 724675 is divided by 361386.
1903
Calculate the remainder when 73931 is divided by 366.
365
What is the remainder when 2752301 is divided by 393147?
272
Calculate the remainder when 177833012 is divided by 5284.
5276
Calculate the remainder when 1503270 is divided by 223.
27
Calculate the remainder when 139455 is divided by 801.
81
Calculate the remainder when 66276 is divided by 6564.
636
What is the remainder when 3587598 is divided by 896895?
18
Calculate the remainder when 227802189 is divided by 116.
113
Calculate the remainder when 1660622 is divided by 31935.
2
What is the remainder when 14710132 is divided by 2958?
2956
Calculate the remainder when 99697919 is divided by 672.
671
What is the remainder when 2865429 is divided by 4915?
4899
Calculate the remainder when 877466 is divided by 114.
8
What is the remainder when 28256779 is divided by 11557?
11471
Calculate the remainder when 3086930 is divided by 28320.
50
What is the remainder when 170996 is divided by 12187?
378
What is the remainder when 218755 is divided by 4854?
325
Calculate the remainder when 831328 is divided by 967.
675
Calculate the remainder when 721811 is divided by 120.
11
Calculate the remainder when 99234488 is divided by 12.
8
What is the remainder when 2459000 is divided by 351282?
26
What is the remainder when 1252737 is divided by 7826?
577
Calculate the remainder when 97419397 is divided by 33.
31
Calculate the remainder when 26668115 is divided by 807.
800
Calculate the remainder when 63466 is divided by 170.
56
What is the remainder when 174707 is divided by 3970?
27
Calculate the remainder when 79026 is divided by 37519.
3988
Calculate the remainder when 88146 is divided by 22031.
22
Calculate the remainder when 94169999 is divided by 7757.
19
What is the remainder when 288038 is divided by 16001?
20
Calculate the remainder when 151350800 is divided by 23.
13
Calculate the remainder when 128742356 is divided by 2182.
2174
Calculate the remainder when 136524581 is divided by 203.
179
Calculate the remainder when 359549 is divided by 516.
413
Calculate the remainder when 756657 is divided by 271.
25
What is the remainder when 68309585 is divided by 7858?
7849
Calculate the 